rime factors of 74326339?
4027, 18457
List the prime factors of 991957849.
991957849
List the prime factors of 153862457.
7, 1613, 13627
List the prime factors of 89166432.
2, 3, 928817
What are the prime factors of 45070284?
2, 3, 7, 331, 1621
What are the prime factors of 30275810?
2, 5, 17, 178093
List the prime factors of 14500339.
7, 1009, 2053
What are the prime factors of 429030396?
2, 3, 41, 290671
What are the prime factors of 6784893316?
2, 907, 1870147
List the prime factors of 39488214.
2, 3, 6581369
List the prime factors of 2714125829.
49363, 54983
What are the prime factors of 352174611?
3, 117391537
What are the prime factors of 2775930848?
2, 151, 574489
List the prime factors of 5304319922.
2, 11, 241105451
What are the prime factors of 900526438?
2, 7, 64323317
List the prime factors of 443765845.
5, 59, 181, 8311
List the prime factors of 3498440077.
11, 318040007
List the prime factors of 63101091.
3, 41, 513017
What are the prime factors of 1312336909?
13, 43, 131, 17921
What are the prime factors of 495219097?
19, 26064163
What are the prime factors of 23798150?
2, 5, 103, 4621
List the prime factors of 190133969.
19, 10007051
List the prime factors of 365543589.
3, 10211, 11933
What are the prime factors of 215326685?
5, 7, 6152191
List the prime factors of 206271054.
2, 3, 11, 79, 13187
List the prime factors of 20524741.
2003, 10247
What are the prime factors of 220462636?
2, 23, 2396333
What are the prime factors of 76432328?
2, 7, 43, 31741
What are the prime factors of 71718426?
2, 3, 13, 19, 283
List the prime factors of 892786131.
3, 73, 50329
List the prime factors of 562628867.
53, 1201, 8839
What are the prime factors of 156674950?
2, 5, 19, 83, 1987
List the prime factors of 310451467.
17, 29, 41, 15359
What are the prime factors of 1628107365?
3, 5, 108540491
What are the prime factors of 1988898621?
3, 662966207
List the prime factors of 5199234384.
2, 3, 108317383
List the prime factors of 345552686.
2, 53, 3259931
List the prime factors of 56211342.
2, 3, 11, 47, 18121
List the prime factors of 741506706.
2, 3, 23, 43, 1811
What are the prime factors of 2095988479?
13, 161229883
What are the prime factors of 156966186?
2, 3, 13, 154799
What are the prime factors of 59398189?
563, 105503
List the prime factors of 27201045.
3, 5, 569, 3187
List the prime factors of 2757855445.
5, 61, 401, 22549
List the prime factors of 252095557.
7, 79, 151, 3019
List the prime factors of 80514468.
2, 3, 59, 37907
What are the prime factors of 1944744810?
2, 3, 5, 19, 191, 17863
List the prime factors of 37371940.
2, 5, 563, 3319
What are the prime factors of 177211915?
5, 35442383
What are the prime factors of 1284060729?
3, 7, 73, 119659
List the prime factors of 4706122359.
3, 17, 2383, 38723
List the prime factors of 1832928965.
5, 7, 43, 1217893
What are the prime factors of 66571894?
2, 33285947
What are the prime factors of 278677399?
7, 11, 13, 25309
List the prime factors of 42963608.
2, 181, 29671
What are the prime factors of 69015889?
31, 2226319
List the prime factors of 80578081.
80578081
What are the prime factors of 1564021878?
2, 3, 2131, 122323
What are the prime factors of 94874779?
41, 2314019
List the prime factors of 143670689.
17, 8451217
What are the prime factors of 130411533?
3, 7, 137, 45329
List the prime factors of 29973705.
3, 5, 331, 6037
What are the prime factors of 30406799?
30406799
List the prime factors of 1521478738.
2, 13, 53, 71, 15551
What are the prime factors of 55498871?
41, 701, 1931
List the prime factors of 1934892046.
2, 967446023
List the prime factors of 5219088841.
109, 1451, 32999
List the prime factors of 71938932.
2, 3, 13, 461147
List the prime factors of 91833773.
83, 241, 4591
What are the prime factors of 4463510?
2, 5, 157, 2843
What are the prime factors of 21159322?
2, 17, 622333
List the prime factors of 99326543.
373, 266291
List the prime factors of 5395115.
5, 11, 233, 421
List the prime factors of 2158592390.
2, 5, 215859239
What are the prime factors of 2073769716?
2, 3, 1187, 145589
What are the prime factors of 886105457?
31, 1051, 27197
List the prime factors of 2609524337.
7, 372789191
List the prime factors of 5320730276.
2, 977, 1361497
What are the prime factors of 58193683?
109, 533887
What are the prime factors of 980683682?
2, 11, 109, 408959
List the prime factors of 1731907748.
2, 432976937
List the prime factors of 513979553.
513979553
List the prime factors of 538306856.
2, 67288357
What are the prime factors of 296466532?
2, 97, 764089
What are the prime factors of 2082041539?
2082041539
List the prime factors of 223451511.
3, 113, 167, 3947
List the prime factors of 2267097195.
3, 5, 11, 19, 723157
List the prime factors of 494618303.
6217, 79559
List the prime factors of 39849208.
2, 7, 223, 3191
What are the prime factors of 1959779636?
2, 59, 8304151
List the prime factors of 729739529.
6203, 117643
List the prime factors of 282700841.
139, 151, 13469
List the prime factors of 583697684.
2, 145924421
What are the prime factors of 1397589973?
13, 19, 5658259
What are the prime factors of 217250611?
217250611
List the prime factors of 2530970983.
661, 1889, 2027
List the prime factors of 901956484.
2, 11, 13, 131, 12037
What are the prime factors of 56316446?
2, 5179, 5437
List the prime factors of 56331331.
7, 1149619
List the prime factors of 1387351401.
3, 31, 14917757
List the prime factors of 734994344.
2, 7, 37, 354727
What are the prime factors of 1084657031?
53, 83, 246569
What are the prime factors of 275700687?
3, 41, 59, 37991
What are the prime factors of 84184685?
5, 13, 31, 41, 1019
List the prime factors of 2770899.
3, 431, 2143
List the prime factors of 21511574.
2, 7, 823, 1867
List the prime factors of 117498847.
117498847
What are the prime factors of 65293249?
7, 9327607
What are the prime factors of 861964053?
3, 287321351
What are the prime factors of 41844387?
3, 13, 1072933
What are the prime factors of 57849078?
2, 3, 7, 1377359
List the prime factors of 177716152.
2, 22214519
List the prime factors of 850254839.
7, 121464977
What are the prime factors of 252374267?
43, 5869169
What are the prime factors of 144917366?
2, 11, 6587153
What are the prime factors of 782977607?
3229, 242483
List the prime factors of 46700285.
5, 2927, 3191
What are the prime factors of 1369439302?
2, 7, 11, 587, 15149
List the prime factors of 377693845.
5, 17, 41, 108377
List the prime factors of 1279979593.
19, 1429, 47143
What are the prime factors of 72259061?
7, 17, 607219
List the prime factors of 175475997.
3, 6499111
List the prime factors of 1329141646.
2, 7, 94938689
What are the prime factors of 281501464?
2, 35187683
What are the prime factors of 382907353?
12277, 31189
List the prime factors of 566178578.
2, 7, 40441327
List the prime factors of 4279720.
2, 5, 106993
What are the prime factors of 218234237?
13, 103, 349, 467
What are the prime factors of 1261887152?
2, 17, 4639291
What are the prime factors of 147926078?
2, 17, 79, 55073
What are the prime factors of 2235382717?
17, 131493101
What are the prime factors of 1872009547?
67, 1709, 16349
List the prime factors of 126609918.
2, 3, 449, 46997
What are the prime factors of 524985402?
2, 3, 41, 2134087
List the prime factors of 28114890.
2, 3, 5, 839, 1117
List the prime factors of 87053067.
3, 277, 34919
What are the prime factors of 140104390?
2, 5, 14010439
What are the prime factors of 64355575?
5, 2574223
List the prime factors of 21731802.
2, 3, 37, 53, 1847
What are the prime factors of 3101955?
3, 5, 227, 911
What are the prime factors of 118141409?
23, 47, 293, 373
What are the prime factors of 271693329?
3, 61, 1484663
List the prime factors of 10931356.
2, 53, 51563
List the prime factors of 315724373.
113, 607, 4603
List the prime factors of 2988292075.
5, 1549, 77167
What are the prime factors of 559830980?
2, 5, 27991549
What are the prime factors of 1143789415?
5, 47, 179, 27191
What are the prime factors of 3732293631?
3, 11, 3469, 32603
List the prime factors of 26901889.
7, 3843127
List the prime factors of 180142818.
2, 3, 1447, 20749
What are the prime factors of 113847935?
5, 2843, 8009
List the prime factors of 56243961.
3, 191, 32719
List 